13?
229
Calculate the highest common factor of 3084308 and 76.
76
What is the highest common factor of 2637448 and 11084?
68
Calculate the highest common factor of 114 and 74866612.
38
Calculate the greatest common divisor of 349854330 and 210.
210
Calculate the highest common divisor of 85973 and 91337.
149
Calculate the greatest common divisor of 115983 and 341334.
441
What is the greatest common factor of 296467 and 4466?
29
What is the highest common factor of 507437 and 10048682?
7147
What is the highest common factor of 293626560 and 2880?
960
Calculate the highest common factor of 28 and 2132823.
7
Calculate the highest common divisor of 84 and 9452625.
21
What is the greatest common factor of 51743312 and 5248?
656
What is the greatest common divisor of 32800 and 54976?
32
What is the highest common divisor of 18368 and 11702712?
2296
Calculate the greatest common divisor of 19912 and 3173152.
152
What is the highest common factor of 275 and 13383557?
11
What is the highest common divisor of 15112 and 2535038?
3778
What is the greatest common factor of 65592 and 1398385?
911
Calculate the highest common factor of 41284775 and 1400.
175
What is the highest common divisor of 1672 and 73057052?
76
What is the highest common factor of 51040945 and 185?
185
What is the highest common divisor of 181589446 and 63340?
6334
What is the greatest common divisor of 52244 and 7807?
37
Calculate the greatest common divisor of 72791 and 54365.
83
What is the highest common divisor of 260199 and 186036?
1257
Calculate the greatest common factor of 11061943 and 4.
1
What is the greatest common divisor of 115234 and 10766?
14
What is the highest common divisor of 4050 and 446364?
54
Calculate the highest common factor of 1906 and 82455466.
1906
What is the highest common factor of 306207 and 62891?
1031
What is the highest common divisor of 142420 and 7080?
20
Calculate the greatest common divisor of 1175099364 and 122.
122
What is the greatest common factor of 2318 and 177627181?
1159
Calculate the greatest common divisor of 13763707 and 1557.
173
What is the highest common divisor of 1368976 and 1168?
16
What is the greatest common divisor of 4061 and 434210242?
4061
Calculate the highest common factor of 47075 and 17275.
25
What is the highest common factor of 105171379 and 15508?
3877
Calculate the greatest common divisor of 5 and 38801665.
5
Calculate the greatest common divisor of 6233260 and 80069.
319
Calculate the highest common factor of 2237 and 7246320811.
2237
What is the greatest common factor of 3051 and 28171917?
1017
What is the highest common divisor of 83403935 and 10?
5
Calculate the greatest common factor of 1011 and 35733121.
337
Calculate the highest common divisor of 204 and 16888188.
12
What is the greatest common divisor of 18180721 and 26?
13
What is the greatest common divisor of 14728934 and 1129?
1129
What is the greatest common factor of 185474114 and 1904?
238
Calculate the highest common factor of 89725 and 616420.
185
Calculate the highest common divisor of 1625 and 1037920.
65
Calculate the greatest common factor of 28 and 19046062.
14
Calculate the highest common factor of 2 and 4436475.
1
What is the greatest common factor of 820 and 92595220?
820
Calculate the greatest common divisor of 1329384 and 484044.
2316
What is the highest common factor of 44361 and 101601?
1431
Calculate the highest common divisor of 1568445 and 284115.
465
What is the greatest common factor of 4816 and 1679881?
301
What is the greatest common divisor of 45740 and 86?
2
Calculate the greatest common factor of 34425 and 46905975.
3825
Calculate the highest common factor of 1539687 and 6168.
771
Calculate the highest common factor of 421604248 and 14768.
7384
What is the highest common divisor of 2343 and 528693?
33
What is the greatest common factor of 45822888 and 192?
24
What is the highest common divisor of 4011 and 5777373?
21
Calculate the highest common divisor of 144 and 181689456.
48
Calculate the greatest common divisor of 55971040 and 1600.
160
What is the highest common factor of 8057843 and 1748?
437
Calculate the greatest common divisor of 2666040 and 615.
15
Calculate the highest common factor of 266 and 2205596.
38
Calculate the greatest common divisor of 120294 and 1584.
18
Calculate the greatest common factor of 17243933 and 85.
17
What is the highest common factor of 6410 and 156320?
10
Calculate the greatest common factor of 6093858 and 12.
6
What is the greatest common factor of 1209 and 795801?
93
Calculate the greatest common factor of 379776 and 11662976.
5504
What is the highest common divisor of 304104 and 5488?
8
What is the greatest common divisor of 26445562 and 11726?
286
What is the greatest common factor of 6908976 and 11421?
243
Calculate the greatest common divisor of 13038 and 42162719.
2173
What is the highest common divisor of 1014 and 41661542?
338
What is the highest common factor of 2072340664 and 136?
136
Calculate the greatest common divisor of 505 and 31275.
5
Calculate the highest common divisor of 108439350 and 300.
150
What is the highest common factor of 3295705 and 2515779?
3451
Calculate the greatest common factor of 349711589 and 31.
31
Calculate the highest common factor of 2665624 and 690120.
568
What is the greatest common factor of 1199604 and 210?
42
Calculate the greatest common divisor of 1220509 and 19279.
1483
What is the highest common factor of 105 and 31181955?
105
What is the highest common factor of 37836 and 81828?
36
Calculate the highest common divisor of 804 and 3472596.
12
Calculate the greatest common factor of 182226 and 227238.
726
What is the highest common divisor of 4022129786 and 9202?
9202
What is the greatest common divisor of 159654429 and 153?
153
What is the greatest common divisor of 559 and 68081?
13
Calculate the greatest common factor of 3274870 and 302630.
530
What is the highest common divisor of 4042273 and 4163?
4163
What is the highest common divisor of 29962 and 1738?
2
Calculate the greatest common factor of 97562 and 422.
2
Calculate the highest common divisor of 11144 and 25406131.
199
What is the highest common factor of 429 and 1907989941?
429
Calculate the highest common factor of 137377 and 146863.
17
What is the highest common divisor of 5523 and 4902846?
789
Calculate the greatest common divisor of 19296200 and 178200.
2200
Calculate the greatest common factor of 15020 and 154259155.
3755
What is the highest common divisor of 2795385 and 120?
15
What is the greatest common divisor of 3648351 and 168?
21
What is the highest common factor of 3944646 and 3672?
918
Calculate the greatest common divisor of 3024 and 21950082.
378
Calculate the highest common factor of 62238 and 865920.
2706
Calculate the greatest common divisor of 1025 and 34771075.
1025
What is the greatest common divisor of 328 and 69359454?
82
Calculate the greatest common factor of 522 and 52386354.
522
What is the highest common factor of 165 and 7919?
1
Calculate the highest common divisor of 276229968 and 336.
336
Calculate the highest common factor of 9198 and 3459981.
1533
Calculate the highest common factor of 97964550 and 450.
450
Calculate the greatest common factor of 141862283 and 2097.
233
Calculate the greatest common divisor of 29 and 3976683.
29
What is the highest common divisor of 325197 and 5589?
207
What is the greatest common divisor of 11150 and 171400?
50
What is the highest common divisor of 162 and 112863618?
162
What is the greatest common divisor of 788480 and 534590?
70
Calculate the highest common factor of 716 and 34040788.
716
What is the highest common divisor of 129 and 302407261?
43
What is the highest common divisor of 216 and 40630920?
24
What is the greatest common divisor of 1817 and 1097389?
79
What is the highest common factor of 1759094 and 3725?
149
Calculate the greatest common factor of 57817 and 3058215.
3043
Calculate the greatest common factor of 31739 and 10722181.
1867
What is the greatest common divisor of 501864 and 4818?
66
What is the greatest common factor of 161 and 7344015?
161
What is the greatest common factor of 62019 and 291?
3
Calculate the highest common factor of 2077886 and 18176.
142
Calculate the greatest common